f 14025 and 6379175?
275
What is the highest common factor of 7772545 and 440?
55
What is the greatest common divisor of 25552226 and 28?
14
What is the greatest common factor of 10297875 and 63375?
375
Calculate the highest common divisor of 1560 and 1277744520.
1560
What is the highest common divisor of 712686 and 2990?
26
Calculate the greatest common factor of 339675 and 342125.
175
What is the highest common factor of 2599377 and 298959?
681
What is the greatest common factor of 128133 and 8729757?
5571
What is the greatest common factor of 72657921 and 1491?
1491
Calculate the greatest common factor of 8169 and 56098.
7
What is the highest common divisor of 87273 and 11673?
9
What is the greatest common divisor of 40 and 168289656?
8
What is the greatest common factor of 2958896 and 4444?
404
Calculate the highest common factor of 341407 and 968203.
757
Calculate the greatest common factor of 118671 and 3297.
21
Calculate the highest common divisor of 961 and 7195069.
31
What is the greatest common factor of 106271 and 121?
11
What is the greatest common divisor of 32412 and 5127228?
876
Calculate the greatest common factor of 224235 and 48.
3
Calculate the highest common divisor of 144 and 5998668.
12
What is the highest common divisor of 533664 and 4508349?
5559
What is the greatest common factor of 4 and 1106614?
2
Calculate the highest common factor of 26348721 and 882.
147
Calculate the highest common divisor of 20769 and 178986.
69
What is the greatest common divisor of 1711 and 25442918?
29
What is the highest common factor of 383 and 221168329?
383
Calculate the greatest common divisor of 52053252 and 2928.
732
Calculate the greatest common factor of 1455 and 613242.
3
What is the greatest common factor of 39537 and 189681?
69
Calculate the greatest common divisor of 1185 and 2050603.
79
Calculate the highest common divisor of 834 and 2434168.
278
Calculate the highest common divisor of 53703 and 338.
13
Calculate the highest common factor of 132496 and 40531036.
2548
What is the highest common divisor of 1027914 and 18894?
402
What is the greatest common factor of 3987 and 218787?
3
What is the highest common factor of 782519491 and 26?
13
Calculate the greatest common factor of 7373250 and 2.
2
What is the highest common divisor of 496919925 and 746?
373
What is the highest common factor of 151579274 and 9982?
434
Calculate the highest common divisor of 283 and 31448941.
283
What is the highest common divisor of 3437946 and 63?
9
Calculate the highest common factor of 11458986 and 21318.
1122
Calculate the highest common factor of 56 and 8822870.
14
What is the highest common divisor of 3259718 and 1386?
154
Calculate the greatest common divisor of 473000 and 25982.
22
Calculate the greatest common divisor of 3131434 and 51.
17
Calculate the greatest common factor of 56199 and 579.
3
What is the greatest common divisor of 88065 and 762090?
285
Calculate the greatest common factor of 1199480 and 66725.
785
Calculate the highest common factor of 515551 and 3052507.
3709
Calculate the greatest common factor of 5970612 and 68.
4
What is the highest common divisor of 479305 and 358080?
1865
Calculate the greatest common divisor of 35690 and 4032110.
430
Calculate the greatest common factor of 147 and 99285522.
21
Calculate the greatest common divisor of 414 and 34160796.
414
What is the highest common factor of 739669824 and 174?
174
Calculate the greatest common factor of 6823274 and 1.
1
What is the greatest common factor of 35129563 and 14?
7
Calculate the greatest common divisor of 943 and 53843.
23
What is the highest common divisor of 14411845 and 329?
329
What is the highest common factor of 93 and 195839431?
31
Calculate the greatest common divisor of 3629 and 2629306.
191
What is the greatest common factor of 14012 and 16724?
452
What is the highest common factor of 1 and 66816907?
1
What is the highest common factor of 38883416 and 91676?
2132
What is the greatest common factor of 3878 and 26969551?
1939
Calculate the greatest common divisor of 20657 and 2051231.
91
What is the highest common divisor of 6264908 and 1489016?
1492
Calculate the greatest common factor of 4133568 and 6.
6
Calculate the greatest common factor of 2965 and 117815.
5
Calculate the greatest common factor of 2735148 and 468.
156
What is the highest common divisor of 112 and 176155868?
28
Calculate the greatest common divisor of 324880 and 16506.
262
What is the greatest common factor of 40 and 613768?
8
Calculate the highest common factor of 9729 and 3364025517.
9729
Calculate the greatest common divisor of 50048 and 504781.
391
What is the greatest common divisor of 12068050 and 225?
25
What is the highest common divisor of 4384965 and 3?
3
Calculate the highest common factor of 91022 and 280758.
1282
What is the highest common divisor of 1163746 and 34?
2
Calculate the highest common factor of 20208 and 1612752.
48
Calculate the greatest common factor of 255596 and 11010164.
1628
What is the greatest common factor of 356318784 and 216?
216
Calculate the greatest common factor of 665 and 7541905.
35
Calculate the highest common divisor of 310 and 3763200.
10
What is the highest common divisor of 124 and 183404246?
62
Calculate the greatest common factor of 86920 and 818744.
424
What is the highest common factor of 47 and 968808979?
47
Calculate the greatest common divisor of 982 and 4729312.
982
Calculate the greatest common divisor of 232830 and 59280.
390
What is the greatest common divisor of 31 and 669855223?
31
What is the highest common factor of 729 and 943029?
27
What is the greatest common divisor of 608 and 1428704?
32
What is the highest common factor of 13107616 and 471?
157
What is the greatest common factor of 290781496 and 8?
8
What is the highest common factor of 3534 and 1077378?
6
Calculate the greatest common factor of 5605 and 9207780.
95
What is the highest common divisor of 505 and 159199129?
101
What is the highest common divisor of 12362577 and 2892?
723
What is the highest common factor of 18603 and 5394519?
351
What is the highest common factor of 45 and 13061547?
9
Calculate the highest common factor of 49098 and 9588639.
501
What is the greatest common divisor of 807900108 and 12?
12
What is the greatest common divisor of 1106992 and 173376?
688
What is the highest common factor of 40716 and 747816?
12
What is the greatest common divisor of 3960 and 708376?
8
Calculate the highest common divisor of 2672 and 168976.
16
What is the greatest common factor of 23361 and 10783578?
39
What is the greatest common divisor of 20 and 11618380?
20
What is the greatest common divisor of 259840252 and 8?
4
What is the highest common factor of 43396 and 20?
4
Calculate the greatest common factor of 199 and 1776149.
1
Calculate the greatest common factor of 34475249 and 1543.
1543
What is the highest common factor of 7 and 15578899?
7
What is the greatest common divisor of 21810452 and 4716?
524
What is the highest common divisor of 632 and 49994044?
316
Calculate the greatest common divisor of 225 and 37419939.
9
What is the greatest common factor of 79762692 and 12?
12
Calculate the highest common factor of 172512603 and 774.
387
Calculate the highest common divisor of 66850 and 20426.
14
What is the highest common divisor of 284208 and 107533?
191
What is the greatest common factor of 36849 and 174873?
213
Calculate the highest common factor of 799788 and 62748.
996
What is the greatest common divisor of 1458 and 793512?
18
What is the greatest common factor of 8674325 and 825?
275
Calculate the greatest common factor of 2035984 and 128.
16
Calculate the greatest common divisor of 1482 and 1068288.
78
What is the highest common divisor of 6868854 and 864?
54
What is the greatest common divisor of 8326 and 7547700?
362
What is the highest common factor of 7590 and 3679885?
1265
What is the highest common divisor of 15888530 and 28?
14
What is the highest common factor of 28 and 1579550?
14
Calculate the greatest common divisor of 106530 and 4770.
1590
What is the highest common divisor of 24514 and 3123784?
3502
Calculate the greatest common factor of 21822 and 122982.
6
Calculate the greatest common divisor of 66435124 and 28.
2